+ 4. Let b be g(-2). Let p = b - 6. Calculate the highest common factor of p and 70.
10
Suppose -2*f + 25 = 4*b + 3, -27 = -2*f + b. Suppose -h + 39 = -35. Suppose -v + h + 30 = 0. What is the greatest common divisor of f and v?
13
Let i = -771 - -794. Suppose 5*f - p - 457 = 0, -5*f + 469 = -0*f + 3*p. What is the highest common factor of i and f?
23
Suppose 0 = 3*f + 3*j - 558, -2*f = -57*j + 60*j - 374. Calculate the greatest common divisor of f and 8.
8
Let b = 462 + -442. What is the greatest common divisor of b and 185?
5
Let j = -7 + 46. Suppose -77*f - j = -80*f. What is the highest common divisor of f and 143?
13
Let q = -42 + 45. Suppose 9 = q*a, 3*b + 2*b = -3*a + 264. What is the greatest common divisor of b and 17?
17
Let x(a) = 31*a - 208. Let w be x(27). What is the highest common divisor of w and 34?
17
Let v = 115 + -6. Let g = v - 7. What is the greatest common divisor of g and 68?
34
Let j(i) be the second derivative of i**5/10 + 5*i**4/12 - 2*i**3/3 - 3*i**2/2 - 31*i. Let o be j(2). Calculate the highest common divisor of 100 and o.
25
Let r be 24 - 25 - 69*-9. What is the highest common divisor of r and 20?
20
Let v(n) = -n**2 - 4*n - 2. Let g be v(-2). Suppose 17 = -2*u + 3*u - g*r, 2*u = 2*r + 26. Calculate the highest common factor of 1 and u.
1
Let p = 129 - 97. What is the highest common factor of p and 2?
2
Suppose -8*j - 144 = -5*j. Let l = j + 67. What is the greatest common divisor of 19 and l?
19
Suppose 2*h - 4*h = -12. Let b = -1305 - -773. Let a be b/(-35) - (-1)/(-5). Calculate the highest common divisor of a and h.
3
Let b(m) = m**3 + 2*m + 75. Let l = -28 - -28. Let a be b(l). What is the highest common factor of a and 50?
25
Let g(z) = 189*z + 1113. Let w be g(-5). Calculate the highest common divisor of 408 and w.
24
Suppose 2*k - 662 = -5*c, -5*k = 7*c - 5*c - 1697. Calculate the highest common factor of 22 and k.
11
Let g(w) = -2*w**3 - 3*w**2 + 2*w + 3. Let n be g(-3). Suppose 0 = 41*x + 380 + 481. Let j = n + x. Calculate the greatest common factor of 6 and j.
3
Let t(x) = -9*x - 178. Let q be t(-20). Calculate the greatest common factor of q and 2.
2
Let r(q) = -5*q + 96. Let w be r(0). Calculate the greatest common factor of 128 and w.
32
Let n = 69 + -37. Let u = 110 - 112. Let a be (1512/(-3))/u - (-2 + -2). Calculate the highest common divisor of a and n.
32
Suppose 3*r = 158 - 131. What is the highest common divisor of 441 and r?
9
Let k = 250 + -190. Suppose -f = -3*n + 4*f + 160, 0 = -2*n - 3*f + 94. Let t = n - 30. Calculate the greatest common divisor of k and t.
20
Suppose -2*q + 4*q = 4*c + 46, -20 = 5*c. Let d = -143 + 146. What is the highest common divisor of d and q?
3
Suppose 9*a = 4*a + 25. Suppose 3*c + 4*t = 91, -7*c + 3*c = -a*t - 80. Let i be 2/(-3) + 304/6. Calculate the highest common factor of c and i.
25
Let g be 2/4*(0 - 0). Let o = 7 + g. What is the greatest common divisor of o and 28?
7
Suppose -74*n + 59*n = -480. Calculate the highest common factor of 108 and n.
4
Suppose s - 2*t - 38 = 2, -160 = -4*s - 4*t. Let k(p) = -7*p - 2. Let l be k(-6). What is the highest common factor of s and l?
40
Suppose 6 = -g + 5*v, 2*g = 4*g - 4*v + 30. Let o be 1/(-7) - 297/g. Calculate the highest common divisor of o and 2.
2
Suppose -q - 7 = 5*m, -3*q = -5*m - 2*q - 3. Let v = m + 13. Let z = 11 - -37. Calculate the greatest common factor of v and z.
12
Suppose -4*v = -3*v - 29. Let c = -1199 + 2107. Suppose 0 = -4*s - 4*t + c, -1145 = -3*s - 2*s - 3*t. Calculate the highest common divisor of v and s.
29
Let y(b) = -b**3 + b**2 + 3*b + 1. Let j be y(2). Calculate the highest common factor of j and 18.
3
Let b = 31 + -1. Suppose -1060 = -5*p - 5*g, 4*g - 2 = 6. Calculate the greatest common factor of p and b.
30
Let t(g) = 24*g**2 - 2. Let i be t(-2). Calculate the greatest common factor of 2 and i.
2
Let s(m) = 9*m - 27. Let n(h) = -h + 1. Let g(a) = 4*n(a) + s(a). Let o be g(6). Calculate the greatest common factor of 21 and o.
7
Let r(x) = -x**3 + 2*x**2 - x + 7. Let n be r(-3). Calculate the highest common factor of n and 55.
55
Let h be 7/35 - 19/(-5). Suppose 3*a + 3*w - 144 = 0, -h*w + 0*w = 2*a - 102. What is the highest common divisor of a and 9?
9
Suppose -19*y + 2976 - 297 = 0. What is the highest common factor of y and 3?
3
Let s = 73 - -247. What is the highest common divisor of 20 and s?
20
Suppose -5*y + 7 = 2. Suppose 4*m - 5*w = 13, 3*m + 5*w - y = -0*w. Let n(v) = -2*v - 9. Let d be n(-6). What is the greatest common factor of d and m?
1
Let d be -7*((-4 - -1) + 1). Let y be (-1)/((-10)/56) - 72/(-180). Suppose y*w - 23 = 19. What is the highest common factor of w and d?
7
Suppose 0 = 3*y + 9, -111 = -3*s - 2*y + 3*y. Suppose -5*c - 25 = 0, -9*c + 14*c + 1 = -x. Calculate the highest common divisor of x and s.
12
Suppose -5*l + 4*o + 46 = 0, -4*l + 7*l - 26 = 2*o. Let y be 0 - -34 - (7 - 3). Calculate the greatest common divisor of y and l.
6
Let l(h) be the third derivative of -h**4/8 - 3*h**3/2 + 2*h**2. Let x be l(-6). Let m be 2/((-8)/(-12)) + 6. What is the greatest common divisor of x and m?
9
Let r(a) = a**2 + 8*a + 22. Let w be r(-4). Calculate the highest common factor of 14 and w.
2
Let o = -5 + -4. Let c = o - 0. Let b = c - -17. Calculate the greatest common divisor of 1 and b.
1
Suppose m - 13 = -s, 27 = 4*s - 3*m + 2*m. Let l(j) = 20*j + 10. Let x be l(s). Let a = -90 + x. Calculate the highest common factor of 10 and a.
10
Suppose -5*g - 2*n - 104 = 0, 4*n - 16 + 4 = g. Let y be 4/g + ((-486)/(-10))/3. What is the greatest common divisor of 2 and y?
2
Let j = 2854 + -1724. What is the highest common factor of j and 20?
10
Suppose 6*m + 252 = 15*m. What is the greatest common divisor of m and 32?
4
Let c(j) = 2*j**2 + 5*j - 7. Let a = 54 - 59. Let g be c(a). Calculate the highest common factor of g and 6.
6
Suppose -x - 3*b = 131, -774 = 5*x + 2*b - 54. Let v = x - -242. What is the highest common divisor of 24 and v?
24
Let l = -154 + 108. Let b be (l + 34)*(-27)/4. Calculate the greatest common divisor of b and 27.
27
Suppose h - 40*n = -45*n + 67, -16 = -4*n. What is the greatest common factor of h and 2?
1
Suppose -5*k = -2*b + 38, -2*k = 3*b + 2 - 21. Suppose b + 15 = 3*z. Let f = -10 - -18. Calculate the highest common factor of f and z.
8
Suppose 4*x + 3 = -m, -5*m = -x + 3*x - 21. Let i be (-302)/m + (-27)/45. Let o = i - -106. What is the greatest common divisor of 18 and o?
9
Suppose 0 = 67*f - 56*f - 1298. Calculate the highest common factor of f and 4.
2
Suppose -330*n + 120 = -320*n. Calculate the highest common divisor of 78 and n.
6
Suppose 0 = 3*f - 4*t - 158, 0 = 2*f - 0*t - t - 112. Calculate the highest common factor of 4 and f.
2
Let k be (-2)/(-3) + 1490/15. Suppose -5*v - 2*n = -127, 0 = v - n + 17 - 41. What is the highest common divisor of v and k?
25
Suppose h - 6*h = 0. Suppose 5*l - 15 - 15 = h. Suppose 150*a = 353 - 53. Calculate the greatest common factor of a and l.
2
Let x = -749 + 798. What is the highest common divisor of x and 441?
49
Let b be (-4)/(4 - 230/57). Calculate the highest common factor of b and 152.
38
Let q = -52 + 77. Suppose 0*j + 4 = 2*j. Suppose -15 = -3*n - 2*l + 4*l, 4*l - 10 = -j*n. What is the greatest common factor of q and n?
5
Let x = 17 + -7. Let p be (9/4 - 2) + 77/28. Let g be p*((-50)/(-12))/((-4)/(-8)). What is the highest common divisor of g and x?
5
Let s = -126 + 246. Let n = s - 66. What is the greatest common factor of n and 6?
6
Suppose 3*u = 3*h + 2*u - 2, 0 = 2*h - 5*u + 16. Calculate the highest common factor of 11 and h.
1
Suppose 0 = 5*q - 2*h + 13, 3*q - h + 8 = -0*q. Suppose 2*v = 3*y - 30, -v = 2*v + 9. Let l = q + y. Calculate the highest common divisor of 5 and l.
5
Let q be (13 - 2) + 81/27. Calculate the highest common factor of q and 133.
7
Let o = 283 - 265. Calculate the greatest common divisor of o and 18.
18
Let z(w) = -54*w + 30. Let t be z(0). Calculate the greatest common factor of 130 and t.
10
Suppose 20*s - 18*s + 2*u = 4904, -u = -5*s + 12248. Calculate the highest common divisor of s and 98.
98
Let p(z) = z**3 + z**2 + z + 10. Let s be p(5). Calculate the greatest common divisor of 44 and s.
11
Let g = -87 + 167. Let k(c) = -2*c - 24. Let d be k(-13). Suppo